 + 266. Suppose 0*t = -3*t - 36. What is the remainder when o is divided by t*4/(8/(-3))?
17
Suppose -2*i - 20 = -4*i. Let o = 1092 - 1090. What is the remainder when o/3*165/i is divided by 4?
3
Suppose -154 = -2222*t + 2211*t. Calculate the remainder when 4366 is divided by t.
12
Let y(o) be the second derivative of o**4/12 + 13*o**3/6 - 9*o**2/2 - 72*o. What is the remainder when y(-17) is divided by 30?
29
Suppose 0*z - 5*z + 600 = 0. Let j = -30 + 41. Calculate the remainder when z is divided by j.
10
Let l be (0 - (-2)/6)/((-12)/(-324)). Suppose l*v + 820 = 19*v. Let t = v - 79. What is the remainder when 8 is divided by t?
2
Suppose -p = -3*p + 30. Suppose -14*m = -583*i + 578*i - 1184, -3*i + 12 = 0. What is the remainder when m is divided by p?
11
Let w(c) = -208*c - 1. Suppose 480*q = 414*q + 858. What is the remainder when w(-2) is divided by q?
12
Suppose -116 - 34 = -6*u. Suppose 0 = -8*o + u*o - 1105. What is the remainder when o is divided by 8?
1
Suppose 0 = 6*f - 1429 + 85. Let z = f + -143. Calculate the remainder when z is divided by 21.
18
Suppose -14 = -g + 16. Let k be 124/g - 6/45. Suppose -108 = -k*f - 2*p + 116, -f + 47 = -4*p. What is the remainder when f is divided by 28?
27
Let s(p) = -p**3 - 5*p**2 + 18*p + 80. Calculate the remainder when 12224/96*6/4 is divided by s(-6).
7
Suppose -o + 2 = -9. Let b(w) = -w**2 + 11*w + 4. Let y be b(o). Suppose -2*s = -7*r + y*r - 26, -11 = -s + r. What is the remainder when 23 is divided by s?
2
Suppose -13*y + 11*y - 5*m + 1540 = 0, m + 3796 = 5*y. Suppose -n = 0, -5*p + 4*n = 3*n - y. Let c = 77 - 46. Calculate the remainder when p is divided by c.
28
Suppose 38 + 187 = -2*t + 17*t. Let p(u) = 5*u**2 - 4*u - 8. What is the remainder when p(6) is divided by t?
13
Let s = 35462 - 35441. What is the remainder when 4931 is divided by s?
17
Suppose 4*k - 3*k + 3*o - 39 = 0, 0 = -5*k + 5*o + 95. Let p = 2800 + -2790. What is the remainder when k is divided by p?
4
Let g be 334 - ((-7)/(35/(-15)) + 2). Suppose -3*o + u = -979, -o - u = -2*o + g. Calculate the remainder when o is divided by 47.
43
Let r(i) = -42*i - 20. Suppose 3*j - 166 = 26. Calculate the remainder when r(-5) is divided by j.
62
What is the remainder when (144580/(-15))/(-4) + 96/(-36) is divided by 28?
27
Let l = 103 - 99. Suppose -q + 6*q = 3*h - 336, l*h - 4*q = 448. Let c(z) = 8*z**2 + 3*z + 3. What is the remainder when h is divided by c(-2)?
25
Let t = -1911 - -1936. What is the remainder when 168 is divided by t?
18
Let r(x) = 106*x + 14. What is the remainder when r(1) is divided by 65?
55
Suppose 4*b + 0*j = 2*j + 4252, 5*j + 3168 = 3*b. What is the remainder when b is divided by 21?
16
Calculate the remainder when 126 is divided by ((-19)/(-76))/(6/1272).
20
Let w be 0 + 3*8/2. Suppose c - w*c = 55. Let y(u) = 7*u + 59. What is the remainder when y(c) is divided by 18?
6
Let q = 7566 - 7463. Calculate the remainder when q is divided by 23.
11
Let y(c) be the second derivative of c**3/6 + 27*c**2/2 - c + 59. Calculate the remainder when 72 is divided by y(-11).
8
Let c(a) = 2*a**2 + 12*a + 51. Let z = -117 - -139. What is the remainder when c(6) is divided by z?
19
Let q be (-70)/(-21) + (-4)/(-6). Suppose q*a + 13 - 45 = 0. Calculate the remainder when 36 is divided by a.
4
Suppose 0 = -1248*p + 1246*p + 14, -5*l + p = -2123. Calculate the remainder when l is divided by 139.
9
Let n = 70 - 79. Calculate the remainder when 36 is divided by (30/4)/((-1)/(24/n)).
16
Let f be (-12)/3 - (-1 + 250)/(-3). Suppose -2*q + 6 = 0, -4*q + 578 = 5*z - f. What is the remainder when z is divided by 13?
12
Let w = -14064 - -15099. Calculate the remainder when w is divided by 203.
20
Suppose 74 = 7*v - 52. Let l = -429 + 531. Calculate the remainder when l is divided by v.
12
Let o be 2*(44/24 + (-24)/18). Calculate the remainder when o/(2/(-4 + 216)) is divided by 18.
16
Let m(y) = -31*y + 48. Let l be m(-8). Suppose -2*j = 2*j - f - 229, -5*j - 2*f = -l. What is the remainder when j is divided by 30?
28
Let m be (-2)/(-7) + 3762/63. Suppose -171*f + 173*f - m = 0. Suppose 6*c - 2*c - 588 = 0. What is the remainder when c is divided by f?
27
Let d = -26 + 64. Suppose 0 = -d*t + 37*t. Calculate the remainder when (-6)/2 + t + 38 + 4 is divided by 11.
6
Let h(l) = 4*l**3 - 121*l**2 + 41*l - 18. Calculate the remainder when h(30) is divided by 17.
6
Suppose 3*z - 7*z = -132. What is the remainder when (-2944)/(-30) - 1874/14055 is divided by z?
32
Let l(a) = 278*a - 827. Calculate the remainder when 1462 is divided by l(3).
6
Let y = 6394 - 6128. Calculate the remainder when y is divided by 8.
2
Calculate the remainder when 170 is divided by (-26 + -1)/(0 + (-5)/10).
8
Suppose y + 2454 = 5*q, -4*y = 2*q - 3*y - 983. Suppose -64 = -5*n + q. What is the remainder when n is divided by 19?
16
What is the remainder when (-5022)/(-7) - 14/98*-4 - 7 is divided by 103?
93
Let n(z) = -9*z - 63. Suppose 5*k + 10 = 0, -3*k = -r - 6*k + 148. What is the remainder when r is divided by n(-16)?
73
Let l = 33 + -39. Let p be (0 + (-20)/l)/((-40)/(-60)). Let i(s) = 12*s - 26. What is the remainder when 201 is divided by i(p)?
31
Suppose c = -4*c + 11*c. Suppose -b + 12 = -c*b. Calculate the remainder when 58 is divided by b.
10
Let s(h) be the third derivative of -5/24*h**4 + 15*h**2 + 1/10*h**5 + h**3 + 0 + 0*h. Calculate the remainder when s(-3) is divided by 26.
23
Suppose 5*b - 5*q + 4*q = -8, -5*q = 4*b - 11. Let i be b/(-1 + 4 - (-1236)/(-414)). Let z = 110 + i. Calculate the remainder when 204 is divided by z.
40
Let v(l) = 3 - 16*l - 5 + 3. Let n = -673 + 667. Calculate the remainder when v(n) is divided by 14.
13
Suppose -u + 16 = -25. Calculate the remainder when 2 + ((-55)/15)/(-1 + (-53)/(-54)) is divided by u.
36
Suppose -14*o + 347 = -297. Let m(f) = -56*f + 1. Let c be m(-1). Let i = c - o. Calculate the remainder when 87 is divided by i.
10
Calculate the remainder when (10 + -173)/(5/795*(-12)/8) is divided by 18.
16
Let y(u) = 19*u. Suppose -8 = -5*s + 2. Suppose 12 = -s*k - 2*k, 0 = -3*r - 5*k + 30. Calculate the remainder when y(1) is divided by r.
4
Let g = 71 + -67. Suppose -2*x + 134 = 4*y, g*y = -4*x + 2*y + 244. Calculate the remainder when 588 is divided by x.
57
Suppose 0 = 4*n + b + 3 - 7, n - 5*b + 20 = 0. Calculate the remainder when (-27 + -7)*(-2 + (n - 0)) is divided by 9.
5
Let v(j) = -3*j**2 - 43*j + 14. Let w be v(-9). What is the remainder when 28/(-7) - w/(-2 - 0) is divided by 26?
23
Suppose 2*f + f + 21 = 4*k, 3*k - 23 = -5*f. What is the remainder when 370 is divided by k?
4
Suppose -25653 = -8*h - 2*h - 7*h. What is the remainder when h is divided by 8?
5
Calculate the remainder when 2547 is divided by 11/44*188 + (-17 - -27).
39
Calculate the remainder when 16 is divided by (-4)/7 - (4 + 159/(-21)).
1
Suppose 0 = 13*s - 0*s - 299. Calculate the remainder when 1007 is divided by s.
18
Let r(d) = 5*d**3 + d**2 + d. Let p be r(1). Calculate the remainder when (-2)/p + (-3498)/(-42) is divided by 21.
20
Let g(f) = f**2 + f. Let w be (8/3*216/(-32))/2. Let q = w - -29. What is the remainder when g(7) is divided by q?
16
Let n = -879 + 4276. What is the remainder when n is divided by 21?
16
Let y(i) = 3*i**3 - i**2. Let d be y(1). Suppose d*p = -2*p. Suppose -10 = -5*a, 4*a + 24 = 4*n - p*n. Calculate the remainder when 22 is divided by n.
6
Suppose x = 91*k - 88*k - 34, 0 = -3*k - 5*x + 10. Calculate the remainder when 3288 is divided by k.
8
Let l(r) = -r**3 + 8*r**2 - r - 15. Let q be l(8). Let a = q - -25. Calculate the remainder when 4 is divided by (0 + a)/((-30)/(-45)).
1
Suppose 0 = h + 5, 2*y = 5*h + 54 + 79. Calculate the remainder when 143 is divided by y.
35
Let o(l) be the first derivative of 30*l**2 - 7*l - 446. What is the remainder when 2/(-4)*(0 - 204) is divided by o(1)?
49
Let s be (-23)/(-5) + (16/(-10) - -2). Suppose 0 = 4*g + 3*z - 69, 3*g - 2*g + s*z = 13. What is the remainder when 105 is divided by g?
15
Suppose -21*a = 16*a - 160*a + 1306752. What is the remainder when a is divided by 11?
9
Suppose -66 = -35*h + 33*h - 4*u, 2*u = -6. Suppose 0 = -q + 32 + h. Calculate the remainder when q is divided by 19.
14
Suppose 11*w = 6625 + 382. What is the remainder when w is divided 